is the hundreds digit of 11980?
9
What is the tens digit of 54102?
0
What is the units digit of 623?
3
What is the hundreds digit of 24278?
2
What is the tens digit of 10781?
8
What is the hundreds digit of 2979?
9
What is the thousands digit of 7416?
7
What is the units digit of 23022?
2
What is the thousands digit of 1074?
1
What is the units digit of 51533?
3
What is the hundreds digit of 1100?
1
What is the tens digit of 309?
0
What is the units digit of 10668?
8
What is the tens digit of 39980?
8
What is the ten thousands digit of 43928?
4
What is the thousands digit of 6583?
6
What is the hundreds digit of 1229?
2
What is the thousands digit of 2655?
2
What is the thousands digit of 70753?
0
What is the units digit of 26459?
9
What is the thousands digit of 105338?
5
What is the hundreds digit of 75000?
0
What is the hundreds digit of 1102?
1
What is the ten thousands digit of 134238?
3
What is the units digit of 113851?
1
What is the tens digit of 23214?
1
What is the tens digit of 9675?
7
What is the tens digit of 8001?
0
What is the hundreds digit of 3349?
3
What is the hundreds digit of 79222?
2
What is the ten thousands digit of 31088?
3
What is the tens digit of 6523?
2
What is the units digit of 2259?
9
What is the units digit of 2537?
7
What is the units digit of 63?
3
What is the ten thousands digit of 69323?
6
What is the hundreds digit of 324?
3
What is the ten thousands digit of 31837?
3
What is the tens digit of 1849?
4
What is the hundreds digit of 117764?
7
What is the tens digit of 32178?
7
What is the tens digit of 45153?
5
What is the tens digit of 711?
1
What is the units digit of 3953?
3
What is the ten thousands digit of 10105?
1
What is the tens digit of 58?
5
What is the thousands digit of 2414?
2
What is the tens digit of 29741?
4
What is the hundreds digit of 11999?
9
What is the ten thousands digit of 77540?
7
What is the tens digit of 198?
9
What is the hundreds digit of 6962?
9
What is the hundreds digit of 340?
3
What is the ten thousands digit of 21745?
2
What is the ten thousands digit of 138934?
3
What is the thousands digit of 5439?
5
What is the hundreds digit of 50662?
6
What is the ten thousands digit of 127041?
2
What is the units digit of 7728?
8
What is the hundreds digit of 1710?
7
What is the thousands digit of 4719?
4
What is the hundreds digit of 1565?
5
What is the hundreds digit of 12759?
7
What is the hundreds digit of 495?
4
What is the tens digit of 1280?
8
What is the units digit of 4111?
1
What is the tens digit of 8161?
6
What is the tens digit of 248?
4
What is the hundreds digit of 263?
2
What is the hundreds digit of 949?
9
What is the hundreds digit of 8673?
6
What is the thousands digit of 1154?
1
What is the tens digit of 2142?
4
What is the hundreds digit of 3135?
1
What is the tens digit of 1406?
0
What is the thousands digit of 10080?
0
What is the hundreds digit of 16476?
4
What is the thousands digit of 1914?
1
What is the units digit of 10790?
0
What is the thousands digit of 34840?
4
What is the tens digit of 11353?
5
What is the tens digit of 274?
7
What is the hundreds digit of 6058?
0
What is the hundreds digit of 4371?
3
What is the units digit of 9704?
4
What is the ten thousands digit of 108392?
0
What is the units digit of 937?
7
What is the ten thousands digit of 86042?
8
What is the tens digit of 3015?
1
What is the hundreds digit of 3784?
7
What is the hundreds digit of 7731?
7
What is the tens digit of 23277?
7
What is the tens digit of 2018?
1
What is the thousands digit of 18757?
8
What is the thousands digit of 3922?
3
What is the hundreds digit of 2180?
1
What is the hundreds digit of 116?
1
What is the hundreds digit of 1907?
9
What is the units digit of 11070?
0
What is the hundreds digit of 634?
6
What is the ten thousands digit of 110105?
1
What is the tens digit of 40830?
3
What is the tens digit of 24349?
4
What is the hundreds digit of 5461?
4
What is the thousands digit of 1071?
1
What is the ten thousands digit of 11915?
1
What is the ten thousands digit of 109056?
0
What is the tens digit of 8664?
6
What is the tens digit of 6552?
5
What is the tens digit of 1068?
6
What is the thousands digit of 105948?
5
What is the ten thousands digit of 19973?
1
What is the units digit of 7307?
7
What is the thousands digit of 5908?
5
What is the tens digit of 19873?
7
What is the thousands digit of 80523?
0
What is the units digit of 19882?
2
What is the tens digit of 1526?
2
What is the tens digit of 642?
4
What is the tens digit of 799?
9
What is the hundred thousands digit of 205685?
2
What is the tens digit of 18930?
3
What is the ten thousands digit of 34745?
3
What is the tens digit of 22331?
3
What is the tens digit of 1748?
4
What is the tens digit of 38?
3
What is the hundreds digit of 120943?
9
What is the hundreds digit of 2292?
2
What is the tens digit of 63241?
4
What is the tens digit of 1223?
2
What is the tens digit of 21721?
2
What is the hundreds digit of 15847?
8
What is the hundreds digit of 381?
3
What is the tens digit of 11650?
5
What is the hundreds digit of 24302?
3
What is the units digit of 6645?
5
What is the hundreds digit of 4676?
6
What is the thousands digit of 30406?
0
What is the hundreds digit of 225?
2
What is the hundreds digit of 9171?
1
What is the tens digit of 37630?
3
What is the ten thousands digit of 21920?
2
What is the tens digit of 2578?
7
What is the hundreds digit of 65780?
7
What is the units digit of 9335?
5
What is the hundreds digit of 4744?
7
What is the hundreds digit of 1040?
0
What is the units digit of 544?
4
What is the tens digit of 30199?
9
What is the ten thousands digit of 76210?
7
What is the hundreds digit of 12394?
3
What is the hundreds digit of 84058?
0
What is the thousands digit of 66816?
6
What is the tens digit of 2221?
2
What is the units digit of 32759?
9
What is the hundreds digit of 24645?
6
What is the hundreds digit of 1658?
6
What is the tens digit of 19238?
3
What is the tens digit of 1907?
0
What is the thousands digit of 1180?
1
What is the ten thousands digit of 17638?
1
What is the units digit of 5558?
8
What is the units digit of 15562?
2
What is the thousands digit of 86547?
6
What is the hundreds digit of 461?
4
What is the hundreds digit of 59358?
3
What is the ten thousands digit of 47003?
4
What is the thousands digit of 16793?
6
What is the hundreds digit of 247?
2
What is the tens digit of 259?
5
What is the hundreds digit of 207?
2
What is the ten thousands digit of 35129?
3
What is the tens digit of 1592?
9
What is the hundreds digit of 101600?
6
What is the hundreds digit of 77741?
7
What is the ten thousands digit of 56880?
5
What is the units digit of 756?
6
What is the hundreds digit of 5643?
6
What is the tens digit of 989?
8
What is the ten thousands digit of 62964?
6
What is the thousands digit of 47800?
7
What is the hundreds digit of 1272?
2
What is the hundreds digit of 380?
3
What is the tens digit of 16573?
7
What is the ten thousands digit of 37228?
3
What is the units digit of 3849?
9
What is the tens digit of 76225?
2
What is the units digit of 20303?
3
What is the ten thousands digit of 105368?
0
What is the tens digit of 19125?
2
What is the thousands digit of 8627?
8
What is the hundreds digit of 3020?
0
What is the tens digit of 4471?
7
What is the ten thousands digit of 44472?
4
What is the tens digit of 1852?
5
What is the tens digit of 2280?
8
What is the thousands digit of 27108?
7
What is the hundreds digit of 69397?
3
What is the thousands digit of 1665?
1
What is the ten thousands digit of 65388?
6
What is the hundreds digit of 2786?
7
What is the units digit of 1941?
1
What is the thousands digit of 3290?
3
What is the thousands digit of 55553?
5
What is the tens digit of 1682?
8
What is the hundreds digit of 65083?
0
What is the units digit of 1801?
1
What is the units digit of 70734?
4
What is the tens digit of 13804?
0
What is the units digit of 441?
1
What is the hundreds digit of 156045?
0
What is the tens digit of 28830?
3
What is the units digit of 221?
1
What is the hundreds digit of 1539?
5
What is the ten thousands digit of 40882?
4
What is the tens digit of 2910?
1
What is the ten thousands digit of 36798?
3
What is the units d